{"id":40,"date":"2021-06-14T09:52:31","date_gmt":"2021-06-14T07:52:31","guid":{"rendered":"https:\/\/xn--crativiny-c4a.fr\/?page_id=40"},"modified":"2021-06-29T14:42:25","modified_gmt":"2021-06-29T12:42:25","slug":"bonjour","status":"publish","type":"page","link":"https:\/\/xn--crativiny-c4a.fr\/?page_id=40","title":{"rendered":"Profil"},"content":{"rendered":"\n<figure class=\"wp-block-image size-large\"><img loading=\"lazy\" decoding=\"async\" width=\"1024\" height=\"358\" src=\"https:\/\/xn--crativiny-c4a.fr\/wp-content\/uploads\/2021\/06\/bandeau-wordpress-cartouche-Bonjour-2-1024x358.jpg\" alt=\"\" class=\"wp-image-237\" srcset=\"https:\/\/xn--crativiny-c4a.fr\/wp-content\/uploads\/2021\/06\/bandeau-wordpress-cartouche-Bonjour-2-1024x358.jpg 1024w, https:\/\/xn--crativiny-c4a.fr\/wp-content\/uploads\/2021\/06\/bandeau-wordpress-cartouche-Bonjour-2-300x105.jpg 300w, https:\/\/xn--crativiny-c4a.fr\/wp-content\/uploads\/2021\/06\/bandeau-wordpress-cartouche-Bonjour-2-768x269.jpg 768w, https:\/\/xn--crativiny-c4a.fr\/wp-content\/uploads\/2021\/06\/bandeau-wordpress-cartouche-Bonjour-2-1536x538.jpg 1536w, https:\/\/xn--crativiny-c4a.fr\/wp-content\/uploads\/2021\/06\/bandeau-wordpress-cartouche-Bonjour-2-2048x717.jpg 2048w\" sizes=\"auto, (max-width: 1024px) 100vw, 1024px\" \/><\/figure>\n\n\n\n<div class=\"wp-block-columns is-layout-flex wp-container-core-columns-is-layout-9d6595d7 wp-block-columns-is-layout-flex\">\n<div class=\"wp-block-column is-layout-flow wp-block-column-is-layout-flow\">\n<figure class=\"wp-block-image size-large\"><img loading=\"lazy\" decoding=\"async\" width=\"1024\" height=\"357\" src=\"https:\/\/xn--crativiny-c4a.fr\/wp-content\/uploads\/2021\/06\/27097-Converti-01-5-1024x357.png\" alt=\"\" class=\"wp-image-326\" srcset=\"https:\/\/xn--crativiny-c4a.fr\/wp-content\/uploads\/2021\/06\/27097-Converti-01-5-1024x357.png 1024w, https:\/\/xn--crativiny-c4a.fr\/wp-content\/uploads\/2021\/06\/27097-Converti-01-5-300x104.png 300w, https:\/\/xn--crativiny-c4a.fr\/wp-content\/uploads\/2021\/06\/27097-Converti-01-5-768x267.png 768w, https:\/\/xn--crativiny-c4a.fr\/wp-content\/uploads\/2021\/06\/27097-Converti-01-5.png 1358w\" sizes=\"auto, (max-width: 1024px) 100vw, 1024px\" \/><\/figure>\n<\/div>\n<\/div>\n\n\n\n<h3 class=\"has-text-align-center has-black-color has-text-color wp-block-heading\">De nature passionn\u00e9e, ouverte d\u2019esprit, r\u00eaveuse, <br>et forte d\u2019une exp\u00e9rience de 15 ans au sein d\u2019une agence \u00e9v\u00e9nementielle, <br>je suis \u00e0 votre \u00e9coute afin d\u2019\u00e9changer autour d\u2019un projet cr\u00e9atif.<\/h3>\n\n\n\n<h3 class=\"has-text-align-center wp-block-heading\">Je vous propose de nombreuses prestations de design graphique.<\/h3>\n\n\n\n<figure class=\"wp-block-image size-large\"><img loading=\"lazy\" decoding=\"async\" width=\"1024\" height=\"144\" src=\"https:\/\/xn--crativiny-c4a.fr\/wp-content\/uploads\/2021\/06\/27097-Converti-02-1-1024x144.png\" alt=\"\" class=\"wp-image-320\" srcset=\"https:\/\/xn--crativiny-c4a.fr\/wp-content\/uploads\/2021\/06\/27097-Converti-02-1-1024x144.png 1024w, https:\/\/xn--crativiny-c4a.fr\/wp-content\/uploads\/2021\/06\/27097-Converti-02-1-300x42.png 300w, https:\/\/xn--crativiny-c4a.fr\/wp-content\/uploads\/2021\/06\/27097-Converti-02-1-768x108.png 768w, https:\/\/xn--crativiny-c4a.fr\/wp-content\/uploads\/2021\/06\/27097-Converti-02-1-1536x216.png 1536w, https:\/\/xn--crativiny-c4a.fr\/wp-content\/uploads\/2021\/06\/27097-Converti-02-1.png 1600w\" sizes=\"auto, (max-width: 1024px) 100vw, 1024px\" \/><\/figure>\n\n\n\n<h2 class=\"has-text-color wp-block-heading\" style=\"color:#a84d84\">POURQUOI ME CHOISIR COMME GRAPHISTE ?<\/h2>\n\n\n\n<p>L\u2019accessibilit\u00e9, le respect des d\u00e9lais, les retours rapides, et la volont\u00e9 de votre r\u00e9elle satisfaction, seront les bases de notre collaboration.&nbsp;<\/p>\n\n\n\n<p><em>Faire appel \u00e0 un graphiste ind\u00e9pendant est la solution qui offre le meilleur rapport qualit\u00e9\/prix.<\/em><\/p>\n\n\n\n<p>J\u2019ai travaill\u00e9 en agence de communication en \u00e9v\u00e9nementiel pendant des ann\u00e9es, avant de cr\u00e9er ma propre structure. Ainsi, je peux vous fournir des prestations comparables \u00e0 celles d\u2019une agence, et mes tarifs, en tant qu\u2019ind\u00e9pendante, sont plus attractifs.<\/p>\n\n\n\n<div class=\"wp-block-buttons is-layout-flex wp-block-buttons-is-layout-flex\">\n<div class=\"wp-block-button is-style-fill\"><a class=\"wp-block-button__link has-text-color has-background\" href=\"https:\/\/xn--crativiny-c4a.fr\/?page_id=184\" style=\"background-color:#dabacf;color:#a84d84\">CONTACTEZ-MOI<\/a><\/div>\n<\/div>\n\n\n\n<figure class=\"wp-block-image size-medium is-resized\"><img loading=\"lazy\" decoding=\"async\" src=\"https:\/\/xn--crativiny-c4a.fr\/wp-content\/uploads\/2021\/06\/separateur-300x38.png\" alt=\"\" class=\"wp-image-200\" width=\"158\" height=\"20\"\/><\/figure>\n\n\n\n<div class=\"wp-block-columns is-layout-flex wp-container-core-columns-is-layout-9d6595d7 wp-block-columns-is-layout-flex\">\n<div class=\"wp-block-column is-layout-flow wp-block-column-is-layout-flow\" style=\"flex-basis:10%\">\n<figure class=\"wp-block-gallery columns-1 is-cropped wp-block-gallery-1 is-layout-flex wp-block-gallery-is-layout-flex\"><ul class=\"blocks-gallery-grid\"><li class=\"blocks-gallery-item\"><figure><img loading=\"lazy\" decoding=\"async\" width=\"323\" height=\"241\" src=\"https:\/\/xn--crativiny-c4a.fr\/wp-content\/uploads\/2021\/06\/Guillemet.png\" alt=\"\" data-id=\"195\" data-full-url=\"https:\/\/xn--crativiny-c4a.fr\/wp-content\/uploads\/2021\/06\/Guillemet.png\" data-link=\"https:\/\/xn--crativiny-c4a.fr\/?attachment_id=195\" class=\"wp-image-195\" srcset=\"https:\/\/xn--crativiny-c4a.fr\/wp-content\/uploads\/2021\/06\/Guillemet.png 323w, https:\/\/xn--crativiny-c4a.fr\/wp-content\/uploads\/2021\/06\/Guillemet-300x224.png 300w\" sizes=\"auto, (max-width: 323px) 100vw, 323px\" \/><\/figure><\/li><\/ul><\/figure>\n<\/div>\n\n\n\n<div class=\"wp-block-column is-layout-flow wp-block-column-is-layout-flow\" style=\"flex-basis:66.66%\">\n<blockquote class=\"wp-block-quote is-style-default is-layout-flow wp-block-quote-is-layout-flow\"><p><em>La communication est un passage obligatoire pour entrer en relation avec les autres.&nbsp;<\/em><\/p><p><em>Gagnez en visibilit\u00e9 en faisant appel \u00e0 un graphiste&#8230; <\/em><br><em>Et si nous en discutions&#8230;&nbsp;<\/em><\/p><p><em>Quelque soit votre message, je suis s\u00fbre de vous aider \u00e0 trouver des solutions adapt\u00e9es \u00e0 vos besoins.&nbsp;&nbsp;<\/em><\/p><cite>Virginie Th\u00e9val<\/cite><\/blockquote>\n<\/div>\n<\/div>\n","protected":false},"excerpt":{"rendered":"<p>De nature passionn\u00e9e, ouverte d\u2019esprit, r\u00eaveuse, et forte d\u2019une exp\u00e9rience de 15 ans au sein d\u2019une agence \u00e9v\u00e9nementielle, je suis \u00e0 votre \u00e9coute afin d\u2019\u00e9changer autour d\u2019un projet cr\u00e9atif. Je &#8230;<\/p>\n","protected":false},"author":1,"featured_media":0,"parent":0,"menu_order":0,"comment_status":"closed","ping_status":"closed","template":"","meta":{"footnotes":""},"class_list":["post-40","page","type-page","status-publish","hentry"],"_links":{"self":[{"href":"https:\/\/xn--crativiny-c4a.fr\/index.php?rest_route=\/wp\/v2\/pages\/40","targetHints":{"allow":["GET"]}}],"collection":[{"href":"https:\/\/xn--crativiny-c4a.fr\/index.php?rest_route=\/wp\/v2\/pages"}],"about":[{"href":"https:\/\/xn--crativiny-c4a.fr\/index.php?rest_route=\/wp\/v2\/types\/page"}],"author":[{"embeddable":true,"href":"https:\/\/xn--crativiny-c4a.fr\/index.php?rest_route=\/wp\/v2\/users\/1"}],"replies":[{"embeddable":true,"href":"https:\/\/xn--crativiny-c4a.fr\/index.php?rest_route=%2Fwp%2Fv2%2Fcomments&post=40"}],"version-history":[{"count":28,"href":"https:\/\/xn--crativiny-c4a.fr\/index.php?rest_route=\/wp\/v2\/pages\/40\/revisions"}],"predecessor-version":[{"id":328,"href":"https:\/\/xn--crativiny-c4a.fr\/index.php?rest_route=\/wp\/v2\/pages\/40\/revisions\/328"}],"wp:attachment":[{"href":"https:\/\/xn--crativiny-c4a.fr\/index.php?rest_route=%2Fwp%2Fv2%2Fmedia&parent=40"}],"curies":[{"name":"wp","href":"https:\/\/api.w.org\/{rel}","templated":true}]}}